**2 - 3*v**3. Give s(-2).
20
Let r(p) be the first derivative of 7*p**2 + p - 1. Let s = -126 - -127. What is r(s)?
15
Let p(c) be the first derivative of c**4/4 - c**3/3 + c**2/2 - 6*c - 10. Let i be (-1)/1 + 2 + 0. Let r = i + -1. What is p(r)?
-6
Let n(r) = r**3 + 3*r**2 - 11*r + 4. Let u be n(-5). Let v = u + -11. Let k(z) = -3*z - 2. Give k(v).
4
Let r(w) = 2 - 49*w + 90*w - 45*w. What is r(-2)?
10
Let z(t) = -t**3 - 3*t**2 + 10*t - 10. Let k be z(-5). Let c(u) = u**2 + 12*u + 15. Calculate c(k).
-5
Let y(m) = 4*m + 19. Let d(b) = -3*b - 13. Let t(g) = -7*d(g) - 5*y(g). Give t(-6).
-10
Let u(l) = 2*l**2 - 2*l. Let i be ((0 + 0)/(-3))/1. Let b be (3 - (i + 2))/(-1). Let m be (-3 + -1)/(2/b). Determine u(m).
4
Let t(k) = 2*k - 7. Let b(j) = -4*j + 15. Let x(y) = -2*b(y) - 5*t(y). Let q(n) = -3*n + 8. Let z(v) = 5*q(v) - 8*x(v). What is z(5)?
5
Let h(t) = -6*t + 11. Let w(z) = 7*z - 12. Let j(x) = 6*h(x) + 5*w(x). Calculate j(5).
1
Let u(x) = 2*x**2 + 3*x + 1. Let n(h) be the third derivative of -h**5/20 - h**4/8 - h**3/6 + 2*h**2. Let k(r) = -3*n(r) - 4*u(r). Calculate k(5).
9
Suppose -5*i + 2*p = -10, 28 = i - 5*p + 3. Let c(l) = 1 + i*l + l - 1. Give c(-2).
-2
Let z(k) = k**2 - 3*k - 7. Suppose -x + 5*y + 25 = 0, 3*x + x + y - 205 = 0. Let m be 2*1*x/20. Determine z(m).
3
Let v(n) be the second derivative of 2*n**3/3 + 2*n**2 - 9*n. Determine v(-4).
-12
Let a(q) = -q**2 + 3*q + 5*q - 3*q - 2. Calculate a(6).
-8
Let q(l) = -2*l**2 + 4. Let w(d) = 4*d**2 - d - 7. Let k(g) = -7*q(g) - 4*w(g). Suppose 2*z + 2 = 8. Suppose -z*c = -5*i - 34, -i + 1 = -3*c - 3*i. Give k(c).
-6
Suppose -3*p = p + 8. Let h be (-1 - p)*-1 - 3. Let r be -1 - h - (-1 + 0). Let o(i) = -i + 5. Give o(r).
1
Let u(b) = -b**3 - 5*b**2 - 4*b - 3. Let y(q) = -q**3 - 2*q**2 + q - 1. Let t be -5 + 1 + (2 - 0). Let k be y(t). Determine u(k).
-9
Suppose 14*x - 15*x - 2 = 0. Let v(o) = o**3 + 3*o**2 + 2*o + 3. Determine v(x).
3
Let m(v) = -v**2 + v + 1. Let w(n) = -5*n**2 + 13*n - 6. Let b(p) = 4*m(p) - w(p). Let d be b(8). Let t(r) = -2*r**2 + 1. Give t(d).
-7
Let g = 25 - 12. Suppose -2*n + g = -5*p, 4 - 21 = 4*p + 5*n. Let y(b) = b**3 + 2*b**2 - 5*b - 2. What is y(p)?
4
Suppose -4*j - 6 - 42 = 0. Let k be 1/((j/9)/4). Let v(w) = -w**3 - 2*w**2 - 3. What is v(k)?
6
Let s = -11 - -16. Let x(w) be the first derivative of w**5/60 - w**4/6 - w**3/2 + w**2 - 3. Let q(j) be the second derivative of x(j). Calculate q(s).
2
Let n(o) = -2*o**2 + 2*o - 1. Let t be 6/2 - (0 - -2). What is n(t)?
-1
Let r be 1 - (5 + -3 + -4). Let b(f) = f + 3. Give b(r).
6
Let i(s) = 2*s + 7 - 6 - 3. Give i(0).
-2
Let c be 1 + 1*(1 + -2). Let p(n) = 0*n**3 + 6 + 0*n**3 + n**3. Calculate p(c).
6
Let o(i) = 2 + 3*i + 0*i + i - 2*i. Calculate o(-2).
-2
Let o = 100 + -101. Let p(r) = -7*r - 1. What is p(o)?
6
Let o = -11 + 7. Let f(c) = c - 3. Let h(x) = -3*x + 9. Let g(s) = 11*f(s) + 4*h(s). Let p(l) = l - 3. Let q(u) = 3*g(u) + 4*p(u). Give q(o).
-7
Let x(o) = -10*o**2 + o + 1. Let k(m) = -3*m + 5. Let t be k(2). Calculate x(t).
-10
Let p(a) be the third derivative of a**4/6 + a**3/2 + 8*a**2. What is p(3)?
15
Let h(q) = -q**3 - q**2 - q - 3. Let m = -14 + 14. Determine h(m).
-3
Let x = 7 - 5. Suppose 3*s = -x*s + 10. Let a(b) = b**2 - b + 2. Calculate a(s).
4
Let i be 1 - 1*-3*-2. Let k(y) be the first derivative of -4 - 4*y - 7/2*y**2 - 1/3*y**3. Calculate k(i).
6
Suppose -6*k + 2*k + 13 = -3*b, -17 = -4*k - b. Suppose 4*x - 3*o = -16, -x - k*o - 21 = 2. Let w = x + 5. Let n(d) = -4*d - 2. Give n(w).
6
Let n(o) = -o**2 + 14*o - 10. Let w be n(13). Let a(z) be the second derivative of -3*z - 1/6*z**w + 0 - 1/2*z**2. Determine a(1).
-2
Let y = 7 + 0. Let r(t) = 2*t - 9. Give r(y).
5
Let z be -3*(-4 + 22/6). Let o(n) = -5*n. Give o(z).
-5
Suppose -5*m + 8 = -2*w, -4*w = -9*w + 5. Let c = -13 - -14. Let l = c + m. Let f(x) = -x**3 + 3*x**2 - 2*x + 2. What is f(l)?
-4
Suppose 3*g = -g + 80. Suppose -y + g = 3*y. Let f(t) = -t**3 + y*t**2 - 4 - 2*t + 0 + 3*t. Determine f(5).
1
Let i(y) = 7*y**2 - 14*y + 7. Let w(t) = 3*t**2 - 7*t + 3. Let g(n) = -2*i(n) + 5*w(n). Let p be g(7). Let c(d) = p + 3 - d - 3. What is c(-5)?
6
Let n(q) be the first derivative of -7 + 0*q - 1/2*q**2. Give n(-6).
6
Let h(m) = m**2 + 3*m - 4. Let j be -3 - (-3 - 1)*(-2)/4. Calculate h(j).
6
Let b(w) be the second derivative of -1/2*w**2 + 0 - 1/3*w**3 - 3*w. What is b(2)?
-5
Let p(o) be the first derivative of -2*o**4 - o**3/3 + o**2/2 - o - 23. Give p(1).
-9
Suppose -9 = -2*i - 1. Suppose 12 = -i*o - 0*o. Let d = o - 2. Let c(u) = u**2 + 4*u - 5. Determine c(d).
0
Let v(k) = -k**2 + 5*k - 6. Let l = 60 + -6. Let c be 225/l - (-2)/(-12). Determine v(c).
-2
Let h(t) = t**2 + 6*t + 7. Suppose 20 = 4*c, 4*x + 3*c = x. Give h(x).
2
Let j(z) = z**3 + z. Let d(i) = -i**3 - 3*i**2 - 8*i + 6. Let n(v) = -d(v) - 2*j(v). Let w(q) = -q**3 + 3*q**2 + q + 1. Let k be w(3). Determine n(k).
2
Suppose -2*w = -5*w + 30. Let b(j) = -j**3 + 10*j**2 - j + 12. Calculate b(w).
2
Suppose 0 = 4*m - 91 + 79. Let n(k) be the second derivative of 1/2*k**m + 0*k**2 + 1/4*k**4 + 1/20*k**5 + 0 + 3*k. Calculate n(-3).
-9
Let s(d) = d**2 - 1. Suppose -2*a + 22 = 4*u, 4*a - 4*u + 15 = -1. Give s(a).
0
Let o(j) = 2*j + 2 + j**2 - 3*j - 3*j. Suppose 3*i - 1 = 2. Suppose -s - i = -5. Give o(s).
2
Let k = -11 - -7. Let l(q) be the third derivative of -q**5/60 - q**4/6 - q**3 + 2*q**2. Give l(k).
-6
Let y(s) = -12*s - 7. Let f(d) = -22*d - 12. Let t(z) = -3*f(z) + 5*y(z). Let c(v) = v - 3. Let u be c(2). Give t(u).
-5
Let b(n) be the second derivative of -n**4/12 - 11*n**3/6 - 3*n**2 + 66*n. What is b(-8)?
18
Let l = -61 + 63. Let z(j) be the third derivative of 0*j**3 + 0*j + 2*j**l - 1/24*j**4 + 1/120*j**6 - 1/10*j**5 + 0. What is z(6)?
-6
Let u(o) = -2*o**2 + 2*o + 1. Suppose -v - 5 = 4*v. Determine u(v).
-3
Let m(y) = -y**3 - 4*y**2 + 2*y + 1. Let k be 1/(-2) + 36/24. Let w(l) = -4*l**2 - l + 1. Let p be w(k). Give m(p).
-7
Let r(f) = 7*f**3 - f**2 - f + 1. Suppose 0 = 3*d - p - 14, 0*d - 2*d = 3*p + 9. Suppose 2*v + 3 = 4*u + v, 0 = -5*u + 2*v + d. Determine r(u).
6
Let g(w) = -1 + 3*w - 2*w - 5*w - 2*w**2. Suppose -3*f = -v - 19, 4*f - 6*v = -v + 40. Suppose -a - i = -f*a - 14, 4*a + 10 = -i. Calculate g(a).
-7
Let j(n) = -3*n - 1. Let y be -1*(-1 + 1 - 1). Let t be 0/y + 2/(-2). Let x be j(t). Let w(f) = 2*f + 2. Give w(x).
6
Let b(x) = 4 - 3*x - 6 + 0*x. Determine b(-4).
10
Let c = -6 - -8. Let o(d) = 0*d**2 + 1 - 2*d + 3*d**2 - 2*d**c. Give o(3).
4
Let i(y) = -y + 1. Let g(q) = -q**3 - 3*q**2 + 3*q - 3. Let k be g(-4). Let j be (k + -7)/((-8)/(-4)). What is i(j)?
4
Let c(u) = -3*u - 2. Let a = -7 - -6. Let b = -3 - a. Let d be 2/(1/b*1). Calculate c(d).
10
Let q be (-4)/6 - 44/(-12). Let d(w) = -w**3 + 5*w**2 - w + 2. Determine d(q).
17
Suppose -3*o = -12 - 0. Let z(x) = 14*x**2 - 32*x + 18. Let q(p) = -11*p - 3 + 5*p**2 + 5 + 4. Let f(c) = -11*q(c) + 4*z(c). Calculate f(o).
-6
Let n(i) = i**3 - 5*i**2 - 3*i + 10. Let a be n(5). Let c(z) = -z**3 - 4*z**2 + 3*z - 1. Give c(a).
9
Let d(i) be the first derivative of i**3/3 - i**2/2 - 4*i + 11. Calculate d(0).
-4
Let p(x) = 4*x**2 + x - 7*x + 8 + 1. Let m(f) be the third derivative of -f**5/60 - f**3/6 - 2*f**2. Let u(a) = 3*m(a) + p(a). Determine u(4).
-2
Suppose -13 + 0 = -2*q - 3*a, -3*a = -9. Suppose 10 = -3*w - q*w. Let c(n) be the third derivative of n**5/30 - n**4/24 + 4*n**2. Give c(w).
10
Let a be 1/2*(-6 + -4). Let c(k) = k + 12. Give c(a).
7
Suppose -128*n = -130*n - 8. Let x(a) = a**2 + 4*a - 3. What is x(n)?
-3
Let a(r) = -r + 12. Suppose -x + 2*f + 8 = 0, -4*x - 5 = 2*f + 3. Give a(x).
12
Let z be (72/(-48))/((-1)/2). Let s(n) = 4*n - 4. Determine s(z).
8
Let r(k) be the third derivative of k**6/120 - 7*k**5/60 + k**4/12 - 2*k**3/3 + 10*k**2. Give r(7).
10
Let x(v) be the third derivative of v**6/120 + v**5/60 + v**4/24 + v**3/3 - 10*v**2. Calculate x(-2).
-4
Let s(n) = -n**3 + 6*n**2 - 6*n. Let r = -14 + 30. Suppose -4*b = -4*t + 4 + 4, -r = -5*t + 2*b. Give s(t).
8
Let y(a) = -a**2 - 13*a + 4. Let w be y(-13). Let t(m) = -3*m**2 + 4 + 2*m**2 - 2*m**2 + w*m**2 + 6*m. Calculate t(-3).
-5
Let o(m) be the third derivative of -m**6/120 + m**5/15 + m**4/6 + m**3/6 - 3*m**2. Let j be ((-3)/2)/(54/(-180)). 